List the prime factors of 6928.
2, 433
What are the prime factors of 2591?
2591
List the prime factors of 1236.
2, 3, 103
What are the prime factors of 527?
17, 31
What are the prime factors of 237?
3, 79
What are the prime factors of 611?
13, 47
List the prime factors of 5807.
5807
What are the prime factors of 127698?
2, 3, 21283
What are the prime factors of 205?
5, 41
List the prime factors of 5094.
2, 3, 283
List the prime factors of 4927.
13, 379
What are the prime factors of 10972?
2, 13, 211
List the prime factors of 18.
2, 3
List the prime factors of 2768.
2, 173
What are the prime factors of 1395?
3, 5, 31
What are the prime factors of 714?
2, 3, 7, 17
List the prime factors of 122.
2, 61
What are the prime factors of 1997?
1997
What are the prime factors of 360?
2, 3, 5
What are the prime factors of 28754?
2, 11, 1307
List the prime factors of 3942.
2, 3, 73
What are the prime factors of 35212?
2, 8803
What are the prime factors of 5062?
2, 2531
What are the prime factors of 21725?
5, 11, 79
List the prime factors of 1279.
1279
List the prime factors of 33120.
2, 3, 5, 23
What are the prime factors of 27307?
7, 47, 83
List the prime factors of 9111.
3, 3037
What are the prime factors of 2607?
3, 11, 79
List the prime factors of 567.
3, 7
List the prime factors of 12.
2, 3
List the prime factors of 55708.
2, 19, 733
List the prime factors of 10108.
2, 7, 19
What are the prime factors of 3596?
2, 29, 31
What are the prime factors of 94335?
3, 5, 19, 331
What are the prime factors of 3084?
2, 3, 257
What are the prime factors of 4339?
4339
What are the prime factors of 2032?
2, 127
List the prime factors of 37688.
2, 7, 673
What are the prime factors of 3067?
3067
What are the prime factors of 28667?
109, 263
List the prime factors of 10980.
2, 3, 5, 61
What are the prime factors of 286?
2, 11, 13
List the prime factors of 23187.
3, 59, 131
List the prime factors of 6513.
3, 13, 167
List the prime factors of 1088.
2, 17
What are the prime factors of 17556?
2, 3, 7, 11, 19
List the prime factors of 125518.
2, 97, 647
List the prime factors of 169.
13
List the prime factors of 5997.
3, 1999
List the prime factors of 16328.
2, 13, 157
List the prime factors of 1425.
3, 5, 19
What are the prime factors of 132400?
2, 5, 331
What are the prime factors of 772?
2, 193
What are the prime factors of 3029?
13, 233
List the prime factors of 977.
977
List the prime factors of 572.
2, 11, 13
List the prime factors of 1213.
1213
List the prime factors of 2515.
5, 503
List the prime factors of 26019.
3, 7, 59
List the prime factors of 38275.
5, 1531
What are the prime factors of 123?
3, 41
List the prime factors of 2026.
2, 1013
List the prime factors of 321.
3, 107
List the prime factors of 89427.
3, 13, 2293
What are the prime factors of 55860?
2, 3, 5, 7, 19
List the prime factors of 113972.
2, 28493
List the prime factors of 186.
2, 3, 31
List the prime factors of 39495.
3, 5, 2633
What are the prime factors of 4890?
2, 3, 5, 163
List the prime factors of 11995.
5, 2399
What are the prime factors of 1458?
2, 3
What are the prime factors of 9612?
2, 3, 89
What are the prime factors of 163859?
163859
What are the prime factors of 270?
2, 3, 5
List the prime factors of 5001.
3, 1667
What are the prime factors of 21978?
2, 3, 11, 37
What are the prime factors of 12465?
3, 5, 277
List the prime factors of 3447.
3, 383
What are the prime factors of 1475?
5, 59
List the prime factors of 6124.
2, 1531
What are the prime factors of 13226?
2, 17, 389
What are the prime factors of 12921?
3, 59, 73
List the prime factors of 497.
7, 71
List the prime factors of 1759.
1759
List the prime factors of 17306.
2, 17, 509
What are the prime factors of 5469?
3, 1823
What are the prime factors of 60887?
60887
List the prime factors of 5610.
2, 3, 5, 11, 17
List the prime factors of 512.
2
What are the prime factors of 10644?
2, 3, 887
List the prime factors of 3747.
3, 1249
What are the prime factors of 16079?
7, 2297
What are the prime factors of 10089?
3, 19, 59
List the prime factors of 2734.
2, 1367
List the prime factors of 799.
17, 47
List the prime factors of 84131.
84131
List the prime factors of 1979.
1979
List the prime factors of 4550.
2, 5, 7, 13
What are the prime factors of 78042?
2, 3, 13007
What are the prime factors of 240?
2, 3, 5
List the prime factors of 2210.
2, 5, 13, 17
List the prime factors of 51016.
2, 7, 911
List the prime factors of 12948.
2, 3, 13, 83
List the prime factors of 3415.
5, 683
What are the prime factors of 8709?
3, 2903
List the prime factors of 4101.
3, 1367
List the prime factors of 371.
7, 53
List the prime factors of 855.
3, 5, 19
What are the prime factors of 171660?
2, 3, 5, 2861
List the prime factors of 5096.
2, 7, 13
What are the prime factors of 2292?
2, 3, 191
What are the prime factors of 13694?
2, 41, 167
What are the prime factors of 953?
953
List the prime factors of 508.
2, 127
What are the prime factors of 13698?
2, 3, 761
What are the prime factors of 4199?
13, 17, 19
List the prime factors of 29931.
3, 11, 907
What are the prime factors of 2443?
7, 349
List the prime factors of 13186.
2, 19, 347
List the prime factors of 1582.
2, 7, 113
List the prime factors of 143220.
2, 3, 5, 7, 11, 31
List the prime factors of 27087.
3, 9029
What are the prime factors of 167?
167
List the prime factors of 709.
709
What are the prime factors of 122642?
2, 13, 53, 89
List the prime factors of 9499.
7, 23, 59
List the prime factors of 11061.
3, 1229
List the prime factors of 2635.
5, 17, 31
What are the prime factors of 14151?
3, 53, 89
List the prime factors of 2665.
5, 13, 41
What are the prime factors of 2979?
3, 331
What are the prime factors of 248?
2, 31
What are the prime factors of 2342?
2, 1171
List the prime factors of 1676.
2, 419
What are the prime factors of 11007?
3, 1223
What are the prime factors of 37222?
2, 37, 503
List the prime factors of 5686.
2, 2843
What are the prime factors of 5396?
2, 19, 71
What are the prime factors of 684?
2, 3, 19
List the prime factors of 15559.
15559
List the prime factors of 22774.
2, 59, 193
List the prime factors of 100507.
11, 9137
List the prime factors of 378.
2, 3, 7
What are the prime factors of 8643?
3, 43, 67
List the prime factors of 11821.
11821
What are the prime factors of 455?
5, 7, 13
What are the prime factors of 1572?
2, 3, 131
List the prime factors of 3049.
3049
List the prime factors of 32211.
3, 1193
What are the prime factors of 150271?
11, 19, 719
What are the prime factors of 370?
2, 5, 37
What are the prime factors of 7112?
2, 7, 127
List the prime factors of 3142.
2, 1571
What are the prime factors of 32947?
47, 701
List the prime factors of 10178.
2, 7, 727
List the prime factors of 21592.
2, 2699
What are the prime factors of 28716?
2, 3, 2393
List the prime factors of 759.
3, 11, 23
List the prime factors of 391.
17, 23
What are the prime factors of 1391?
13, 107
What are the prime factors of 40116?
2, 3, 3343
List the prime factors of 1097.
1097
List the prime factors of 40693.
40693
What are the prime factors of 238?
2, 7, 17
What are the prime factors of 19118?
2, 11, 79
What are the prime factors of 12290?
2, 5, 1229
List the prime factors of 220.
2, 5, 11
What are the prime factors of 851?
23, 37
What are the prime factors of 4144?
2, 7, 37
What are the prime factors of 7088?
2, 443
What are the prime factors of 47217?
3, 15739
What are the prime factors of 1152?
2, 3
What are the prime factors of 1079?
13, 83
List the prime factors of 53775.
3, 5, 239
List the prime factors of 8813.
7, 1259
List the prime factors of 3486.
2, 3, 7, 83
What are the prime factors of 5070?
2, 3, 5, 13
What are the prime factors of 2960?
2, 5, 37
List the prime factors of 1840.
2, 5, 23
List the prime factors of 429.
3, 11, 13
What are the prime factors of 26411?
7, 11
What are the prime factors of 1188?
2, 3, 11
List the prime factors of 27227.
19, 1433
List the prime factors of 25499.
43, 593
What are the prime factors of 1643?
31, 53
List the prime factors of 57280.
2, 5, 179
What are the prime factors of 6950?
2, 5, 139
What are the prime factors of 4126?
2, 2063
List the prime factors of 56625.
3, 5, 151
List the prime factors of 81828.
2, 3, 2273
List 